{"id":7,"date":"2021-09-17T15:28:52","date_gmt":"2021-09-17T15:28:52","guid":{"rendered":"http:\/\/www.gutes-restaurant.at\/kopfundkoerper01\/?page_id=7"},"modified":"2023-10-26T07:03:15","modified_gmt":"2023-10-26T07:03:15","slug":"kontakt","status":"publish","type":"page","link":"https:\/\/www.kopfundkoerper.at\/index.php\/kontakt\/","title":{"rendered":"Kontakt"},"content":{"rendered":"\t\t<div data-elementor-type=\"wp-page\" data-elementor-id=\"7\" class=\"elementor elementor-7\">\n\t\t\t\t\t\t<section class=\"elementor-section elementor-top-section elementor-element elementor-element-794b59b elementor-section-boxed elementor-section-height-default elementor-section-height-default\" data-id=\"794b59b\" data-element_type=\"section\">\n\t\t\t\t\t\t<div class=\"elementor-container elementor-column-gap-default\">\n\t\t\t\t\t<div class=\"elementor-column elementor-col-100 elementor-top-column elementor-element elementor-element-eccbd22\" data-id=\"eccbd22\" data-element_type=\"column\">\n\t\t\t<div class=\"elementor-widget-wrap elementor-element-populated\">\n\t\t\t\t\t\t<div class=\"elementor-element elementor-element-1d0a251 elementor-widget elementor-widget-image\" data-id=\"1d0a251\" data-element_type=\"widget\" data-widget_type=\"image.default\">\n\t\t\t\t<div class=\"elementor-widget-container\">\n\t\t\t\t\t\t\t\t\t\t\t\t\t\t\t<img fetchpriority=\"high\" decoding=\"async\" width=\"640\" height=\"201\" src=\"https:\/\/www.kopfundkoerper.at\/wp-content\/uploads\/2021\/09\/kontakt-1024x322.jpg\" class=\"attachment-large size-large wp-image-111\" alt=\"\" srcset=\"https:\/\/www.kopfundkoerper.at\/wp-content\/uploads\/2021\/09\/kontakt-1024x322.jpg 1024w, https:\/\/www.kopfundkoerper.at\/wp-content\/uploads\/2021\/09\/kontakt-300x94.jpg 300w, https:\/\/www.kopfundkoerper.at\/wp-content\/uploads\/2021\/09\/kontakt-768x242.jpg 768w, https:\/\/www.kopfundkoerper.at\/wp-content\/uploads\/2021\/09\/kontakt-1536x484.jpg 1536w, https:\/\/www.kopfundkoerper.at\/wp-content\/uploads\/2021\/09\/kontakt-2048x645.jpg 2048w\" sizes=\"(max-width: 640px) 100vw, 640px\" \/>\t\t\t\t\t\t\t\t\t\t\t\t\t\t\t<\/div>\n\t\t\t\t<\/div>\n\t\t\t\t\t<\/div>\n\t\t<\/div>\n\t\t\t\t\t<\/div>\n\t\t<\/section>\n\t\t\t\t<section class=\"elementor-section elementor-top-section elementor-element elementor-element-90b568f elementor-section-boxed elementor-section-height-default elementor-section-height-default\" data-id=\"90b568f\" data-element_type=\"section\">\n\t\t\t\t\t\t<div class=\"elementor-container elementor-column-gap-default\">\n\t\t\t\t\t<div class=\"elementor-column elementor-col-100 elementor-top-column elementor-element elementor-element-8bb86d0\" data-id=\"8bb86d0\" data-element_type=\"column\">\n\t\t\t<div class=\"elementor-widget-wrap elementor-element-populated\">\n\t\t\t\t\t\t<div class=\"elementor-element elementor-element-eb0493e elementor-widget elementor-widget-heading\" data-id=\"eb0493e\" data-element_type=\"widget\" data-widget_type=\"heading.default\">\n\t\t\t\t<div class=\"elementor-widget-container\">\n\t\t\t\t\t<h2 class=\"elementor-heading-title elementor-size-default\">\u201eEin Fisch hat keine F\u00fc\u00dfe, ihr, die ihr F\u00fc\u00dfe habt, m\u00fcsst kommen, um euch zu holen was ihr m\u00f6chtet \u2013 Gedanken m\u00fcssen durch Handlungen bekr\u00e4ftigt werden!\u201c<\/h2>\t\t\t\t<\/div>\n\t\t\t\t<\/div>\n\t\t\t\t\t<\/div>\n\t\t<\/div>\n\t\t\t\t\t<\/div>\n\t\t<\/section>\n\t\t\t\t<section class=\"elementor-section elementor-top-section elementor-element elementor-element-933181e elementor-section-boxed elementor-section-height-default elementor-section-height-default\" data-id=\"933181e\" data-element_type=\"section\">\n\t\t\t\t\t\t<div class=\"elementor-container elementor-column-gap-default\">\n\t\t\t\t\t<div class=\"elementor-column elementor-col-50 elementor-top-column elementor-element elementor-element-28c12df\" data-id=\"28c12df\" data-element_type=\"column\">\n\t\t\t<div class=\"elementor-widget-wrap elementor-element-populated\">\n\t\t\t\t\t\t<div class=\"elementor-element elementor-element-af535a2 elementor-widget elementor-widget-text-editor\" data-id=\"af535a2\" data-element_type=\"widget\" data-widget_type=\"text-editor.default\">\n\t\t\t\t<div class=\"elementor-widget-container\">\n\t\t\t\t\t\t\t\t\t<h3>Kontaktdaten<\/h3><p><strong>Isabella Ziegler<\/strong><\/p><p>Telefon: +43 (0) 664 48 444 77<br \/>EMail: isabella [at] kopfundkoerper.at<\/p><p>Kohlstatt 6, 7412 Wolfau, Burgenland<\/p>\t\t\t\t\t\t\t\t<\/div>\n\t\t\t\t<\/div>\n\t\t\t\t\t<\/div>\n\t\t<\/div>\n\t\t\t\t<div class=\"elementor-column elementor-col-50 elementor-top-column elementor-element elementor-element-923fd25\" data-id=\"923fd25\" data-element_type=\"column\">\n\t\t\t<div class=\"elementor-widget-wrap elementor-element-populated\">\n\t\t\t\t\t\t<div class=\"elementor-element elementor-element-2b0f4ab elementor-widget elementor-widget-shortcode\" data-id=\"2b0f4ab\" data-element_type=\"widget\" data-widget_type=\"shortcode.default\">\n\t\t\t\t<div class=\"elementor-widget-container\">\n\t\t\t\t\t\t\t<div class=\"elementor-shortcode\">\t            <div class=\"image-hover-page-container animatedParent\">\r\n\t                <div class=\"row\">\r\n\t                    \t                        \t                            \t                                \t                                <div class=\"col-lg-12 col-sm-6\">\r\n\t                                    <div class=\"ih-item circle effect17   left_to_right\">\r\n\t                                        <a class=\"taphover\" href=\"https:\/\/www.kopfundkoerper.at\/index.php\/2021\/09\/30\/angebot\/\">\r\n\t                                            \t                                            <div class=\"img\">\r\n\t                                                <img decoding=\"async\" style=\"height:100%;\" src=\"https:\/\/www.kopfundkoerper.at\/wp-content\/uploads\/2021\/09\/Quadrat.jpg\" alt=\"img\">\r\n\t                                                \t                                            <\/div>\r\n\t                                            \t                                                <div class=\"info\">\r\n\t                                                    <h3 style=\"color:#fff\">\r\n\t                                                    \tIsabella Trimmel\t                                                    <\/h3>\r\n\t                                                    <p style=\"color:\">\r\n\t                                                        Ich biete Dir ...\t                                                    <\/p>\r\n\t                                                <\/div>\r\n\t                                            \t                                        <\/a>\r\n\t                                    <\/div>\r\n\t                                <\/div>\r\n\t                            \t                            \t                                <\/div><div class=\"row\">\r\n\t                            \t                        \t                    \t                <\/div>\r\n\t            <\/div>\r\n\t            <\/div>\n\t\t\t\t\t\t<\/div>\n\t\t\t\t<\/div>\n\t\t\t\t\t<\/div>\n\t\t<\/div>\n\t\t\t\t\t<\/div>\n\t\t<\/section>\n\t\t\t\t<section class=\"elementor-section elementor-top-section elementor-element elementor-element-b0b6810 elementor-section-boxed elementor-section-height-default elementor-section-height-default\" data-id=\"b0b6810\" data-element_type=\"section\">\n\t\t\t\t\t\t<div class=\"elementor-container elementor-column-gap-default\">\n\t\t\t\t\t<div class=\"elementor-column elementor-col-100 elementor-top-column elementor-element elementor-element-8cca1c0\" data-id=\"8cca1c0\" data-element_type=\"column\">\n\t\t\t<div class=\"elementor-widget-wrap elementor-element-populated\">\n\t\t\t\t\t\t<div class=\"elementor-element elementor-element-e07131b elementor-widget elementor-widget-heading\" data-id=\"e07131b\" data-element_type=\"widget\" data-widget_type=\"heading.default\">\n\t\t\t\t<div class=\"elementor-widget-container\">\n\t\t\t\t\t<h2 class=\"elementor-heading-title elementor-size-default\">Kontaktformular<\/h2>\t\t\t\t<\/div>\n\t\t\t\t<\/div>\n\t\t\t\t\t<\/div>\n\t\t<\/div>\n\t\t\t\t\t<\/div>\n\t\t<\/section>\n\t\t\t\t<section class=\"elementor-section elementor-top-section elementor-element elementor-element-03241e4 elementor-section-boxed elementor-section-height-default elementor-section-height-default\" data-id=\"03241e4\" data-element_type=\"section\">\n\t\t\t\t\t\t<div class=\"elementor-container elementor-column-gap-default\">\n\t\t\t\t\t<div class=\"elementor-column elementor-col-100 elementor-top-column elementor-element elementor-element-aadbe21\" data-id=\"aadbe21\" data-element_type=\"column\">\n\t\t\t<div class=\"elementor-widget-wrap elementor-element-populated\">\n\t\t\t\t\t\t<div class=\"elementor-element elementor-element-a0b4761 elementor-widget elementor-widget-shortcode\" data-id=\"a0b4761\" data-element_type=\"widget\" data-widget_type=\"shortcode.default\">\n\t\t\t\t<div class=\"elementor-widget-container\">\n\t\t\t\t\t\t\t<div class=\"elementor-shortcode\">\n<div class=\"wpcf7 no-js\" id=\"wpcf7-f239-o1\" lang=\"de-DE\" dir=\"ltr\" data-wpcf7-id=\"239\">\n<div class=\"screen-reader-response\"><p role=\"status\" aria-live=\"polite\" aria-atomic=\"true\"><\/p> <ul><\/ul><\/div>\n<form action=\"\/index.php\/wp-json\/wp\/v2\/pages\/7#wpcf7-f239-o1\" method=\"post\" class=\"wpcf7-form init\" aria-label=\"Kontaktformular\" novalidate=\"novalidate\" data-status=\"init\">\n<fieldset class=\"hidden-fields-container\"><input type=\"hidden\" name=\"_wpcf7\" value=\"239\" \/><input type=\"hidden\" name=\"_wpcf7_version\" value=\"6.1.3\" \/><input type=\"hidden\" name=\"_wpcf7_locale\" value=\"de_DE\" \/><input type=\"hidden\" name=\"_wpcf7_unit_tag\" value=\"wpcf7-f239-o1\" \/><input type=\"hidden\" name=\"_wpcf7_container_post\" value=\"0\" \/><input type=\"hidden\" name=\"_wpcf7_posted_data_hash\" value=\"\" \/>\n<\/fieldset>\n<p><label> Dein Name<br \/>\n<span class=\"wpcf7-form-control-wrap\" data-name=\"your-name\"><input size=\"40\" maxlength=\"400\" class=\"wpcf7-form-control wpcf7-text wpcf7-validates-as-required\" aria-required=\"true\" aria-invalid=\"false\" value=\"\" type=\"text\" name=\"your-name\" \/><\/span> <\/label>\n<\/p>\n<p><label> Deine E-Mail-Adresse<br \/>\n<span class=\"wpcf7-form-control-wrap\" data-name=\"your-email\"><input size=\"40\" maxlength=\"400\" class=\"wpcf7-form-control wpcf7-email wpcf7-validates-as-required wpcf7-text wpcf7-validates-as-email\" aria-required=\"true\" aria-invalid=\"false\" value=\"\" type=\"email\" name=\"your-email\" \/><\/span> <\/label>\n<\/p>\n<p><label> Betreff<br \/>\n<span class=\"wpcf7-form-control-wrap\" data-name=\"your-subject\"><input size=\"40\" maxlength=\"400\" class=\"wpcf7-form-control wpcf7-text wpcf7-validates-as-required\" aria-required=\"true\" aria-invalid=\"false\" value=\"\" type=\"text\" name=\"your-subject\" \/><\/span> <\/label>\n<\/p>\n<p><label> Deine Nachricht (optional)<br \/>\n<span class=\"wpcf7-form-control-wrap\" data-name=\"your-message\"><textarea cols=\"40\" rows=\"10\" maxlength=\"2000\" class=\"wpcf7-form-control wpcf7-textarea\" aria-invalid=\"false\" name=\"your-message\"><\/textarea><\/span> <\/label>\n<\/p>\n<p><input class=\"wpcf7-form-control wpcf7-submit has-spinner\" type=\"submit\" value=\"Senden\" \/>\n<\/p><div class=\"frc-captcha \" data-sitekey=\"FCMOKF5CUUDBNFMO\" data-lang=\"de\" ><\/div>\n\t\t<noscript>You need to enable Javascript for the anti-spam check.<\/noscript><div class=\"wpcf7-response-output\" aria-hidden=\"true\"><\/div>\n<\/form>\n<\/div>\n<\/div>\n\t\t\t\t\t\t<\/div>\n\t\t\t\t<\/div>\n\t\t\t\t\t<\/div>\n\t\t<\/div>\n\t\t\t\t\t<\/div>\n\t\t<\/section>\n\t\t\t\t<\/div>\n\t\t","protected":false},"excerpt":{"rendered":"<p>\u201eEin Fisch hat keine F\u00fc\u00dfe, ihr, die ihr F\u00fc\u00dfe habt, m\u00fcsst kommen, um euch zu holen was ihr m\u00f6chtet \u2013 Gedanken m\u00fcssen durch Handlungen bekr\u00e4ftigt werden!\u201c Kontaktdaten Isabella Ziegler Telefon: +43 (0) 664 48 444 77EMail: isabella [at] kopfundkoerper.at Kohlstatt 6, 7412 Wolfau, Burgenland Kontaktformular<\/p>\n","protected":false},"author":1,"featured_media":0,"parent":0,"menu_order":0,"comment_status":"closed","ping_status":"closed","template":"","meta":{"footnotes":""},"class_list":["post-7","page","type-page","status-publish","hentry"],"yoast_head":"<!-- This site is optimized with the Yoast SEO plugin v26.3 - https:\/\/yoast.com\/wordpress\/plugins\/seo\/ -->\n<title>Kontakt - Kopf und K&ouml;rper<\/title>\n<meta name=\"robots\" content=\"index, follow, max-snippet:-1, max-image-preview:large, max-video-preview:-1\" \/>\n<link rel=\"canonical\" href=\"https:\/\/www.kopfundkoerper.at\/index.php\/kontakt\/\" \/>\n<meta property=\"og:locale\" content=\"de_DE\" \/>\n<meta property=\"og:type\" content=\"article\" \/>\n<meta property=\"og:title\" content=\"Kontakt - Kopf und K&ouml;rper\" \/>\n<meta property=\"og:description\" content=\"\u201eEin Fisch hat keine F\u00fc\u00dfe, ihr, die ihr F\u00fc\u00dfe habt, m\u00fcsst kommen, um euch zu holen was ihr m\u00f6chtet \u2013 Gedanken m\u00fcssen durch Handlungen bekr\u00e4ftigt werden!\u201c Kontaktdaten Isabella Ziegler Telefon: +43 (0) 664 48 444 77EMail: isabella [at] kopfundkoerper.at Kohlstatt 6, 7412 Wolfau, Burgenland Kontaktformular\" \/>\n<meta property=\"og:url\" content=\"https:\/\/www.kopfundkoerper.at\/index.php\/kontakt\/\" \/>\n<meta property=\"og:site_name\" content=\"Kopf und K&ouml;rper\" \/>\n<meta property=\"article:modified_time\" content=\"2023-10-26T07:03:15+00:00\" \/>\n<meta property=\"og:image\" content=\"https:\/\/www.kopfundkoerper.at\/wp-content\/uploads\/2021\/09\/kontakt-1024x322.jpg\" \/>\n<meta name=\"twitter:card\" content=\"summary_large_image\" \/>\n<meta name=\"twitter:label1\" content=\"Gesch\u00e4tzte Lesezeit\" \/>\n\t<meta name=\"twitter:data1\" content=\"1\u00a0Minute\" \/>\n<script type=\"application\/ld+json\" class=\"yoast-schema-graph\">{\"@context\":\"https:\/\/schema.org\",\"@graph\":[{\"@type\":\"WebPage\",\"@id\":\"https:\/\/www.kopfundkoerper.at\/index.php\/kontakt\/\",\"url\":\"https:\/\/www.kopfundkoerper.at\/index.php\/kontakt\/\",\"name\":\"Kontakt - Kopf und K&ouml;rper\",\"isPartOf\":{\"@id\":\"https:\/\/www.kopfundkoerper.at\/#website\"},\"primaryImageOfPage\":{\"@id\":\"https:\/\/www.kopfundkoerper.at\/index.php\/kontakt\/#primaryimage\"},\"image\":{\"@id\":\"https:\/\/www.kopfundkoerper.at\/index.php\/kontakt\/#primaryimage\"},\"thumbnailUrl\":\"https:\/\/www.kopfundkoerper.at\/wp-content\/uploads\/2021\/09\/kontakt-1024x322.jpg\",\"datePublished\":\"2021-09-17T15:28:52+00:00\",\"dateModified\":\"2023-10-26T07:03:15+00:00\",\"breadcrumb\":{\"@id\":\"https:\/\/www.kopfundkoerper.at\/index.php\/kontakt\/#breadcrumb\"},\"inLanguage\":\"de\",\"potentialAction\":[{\"@type\":\"ReadAction\",\"target\":[\"https:\/\/www.kopfundkoerper.at\/index.php\/kontakt\/\"]}]},{\"@type\":\"ImageObject\",\"inLanguage\":\"de\",\"@id\":\"https:\/\/www.kopfundkoerper.at\/index.php\/kontakt\/#primaryimage\",\"url\":\"https:\/\/www.kopfundkoerper.at\/wp-content\/uploads\/2021\/09\/kontakt-1024x322.jpg\",\"contentUrl\":\"https:\/\/www.kopfundkoerper.at\/wp-content\/uploads\/2021\/09\/kontakt-1024x322.jpg\"},{\"@type\":\"BreadcrumbList\",\"@id\":\"https:\/\/www.kopfundkoerper.at\/index.php\/kontakt\/#breadcrumb\",\"itemListElement\":[{\"@type\":\"ListItem\",\"position\":1,\"name\":\"Startseite\",\"item\":\"https:\/\/www.kopfundkoerper.at\/\"},{\"@type\":\"ListItem\",\"position\":2,\"name\":\"Kontakt\"}]},{\"@type\":\"WebSite\",\"@id\":\"https:\/\/www.kopfundkoerper.at\/#website\",\"url\":\"https:\/\/www.kopfundkoerper.at\/\",\"name\":\"Kopf und K&ouml;rper\",\"description\":\"Shiatsu, Yoga, Lomi Lomi Nui und mehr....\",\"publisher\":{\"@id\":\"https:\/\/www.kopfundkoerper.at\/#organization\"},\"potentialAction\":[{\"@type\":\"SearchAction\",\"target\":{\"@type\":\"EntryPoint\",\"urlTemplate\":\"https:\/\/www.kopfundkoerper.at\/?s={search_term_string}\"},\"query-input\":{\"@type\":\"PropertyValueSpecification\",\"valueRequired\":true,\"valueName\":\"search_term_string\"}}],\"inLanguage\":\"de\"},{\"@type\":\"Organization\",\"@id\":\"https:\/\/www.kopfundkoerper.at\/#organization\",\"name\":\"Kopf und K&ouml;rper\",\"url\":\"https:\/\/www.kopfundkoerper.at\/\",\"logo\":{\"@type\":\"ImageObject\",\"inLanguage\":\"de\",\"@id\":\"https:\/\/www.kopfundkoerper.at\/#\/schema\/logo\/image\/\",\"url\":\"https:\/\/www.kopfundkoerper.at\/wp-content\/uploads\/2023\/07\/cropped-cropped-Logo-512_ziegler-1.png\",\"contentUrl\":\"https:\/\/www.kopfundkoerper.at\/wp-content\/uploads\/2023\/07\/cropped-cropped-Logo-512_ziegler-1.png\",\"width\":501,\"height\":274,\"caption\":\"Kopf und K&ouml;rper\"},\"image\":{\"@id\":\"https:\/\/www.kopfundkoerper.at\/#\/schema\/logo\/image\/\"}}]}<\/script>\n<!-- \/ Yoast SEO plugin. -->","yoast_head_json":{"title":"Kontakt - Kopf und K&ouml;rper","robots":{"index":"index","follow":"follow","max-snippet":"max-snippet:-1","max-image-preview":"max-image-preview:large","max-video-preview":"max-video-preview:-1"},"canonical":"https:\/\/www.kopfundkoerper.at\/index.php\/kontakt\/","og_locale":"de_DE","og_type":"article","og_title":"Kontakt - Kopf und K&ouml;rper","og_description":"\u201eEin Fisch hat keine F\u00fc\u00dfe, ihr, die ihr F\u00fc\u00dfe habt, m\u00fcsst kommen, um euch zu holen was ihr m\u00f6chtet \u2013 Gedanken m\u00fcssen durch Handlungen bekr\u00e4ftigt werden!\u201c Kontaktdaten Isabella Ziegler Telefon: +43 (0) 664 48 444 77EMail: isabella [at] kopfundkoerper.at Kohlstatt 6, 7412 Wolfau, Burgenland Kontaktformular","og_url":"https:\/\/www.kopfundkoerper.at\/index.php\/kontakt\/","og_site_name":"Kopf und K&ouml;rper","article_modified_time":"2023-10-26T07:03:15+00:00","og_image":[{"url":"https:\/\/www.kopfundkoerper.at\/wp-content\/uploads\/2021\/09\/kontakt-1024x322.jpg","type":"","width":"","height":""}],"twitter_card":"summary_large_image","twitter_misc":{"Gesch\u00e4tzte Lesezeit":"1\u00a0Minute"},"schema":{"@context":"https:\/\/schema.org","@graph":[{"@type":"WebPage","@id":"https:\/\/www.kopfundkoerper.at\/index.php\/kontakt\/","url":"https:\/\/www.kopfundkoerper.at\/index.php\/kontakt\/","name":"Kontakt - Kopf und K&ouml;rper","isPartOf":{"@id":"https:\/\/www.kopfundkoerper.at\/#website"},"primaryImageOfPage":{"@id":"https:\/\/www.kopfundkoerper.at\/index.php\/kontakt\/#primaryimage"},"image":{"@id":"https:\/\/www.kopfundkoerper.at\/index.php\/kontakt\/#primaryimage"},"thumbnailUrl":"https:\/\/www.kopfundkoerper.at\/wp-content\/uploads\/2021\/09\/kontakt-1024x322.jpg","datePublished":"2021-09-17T15:28:52+00:00","dateModified":"2023-10-26T07:03:15+00:00","breadcrumb":{"@id":"https:\/\/www.kopfundkoerper.at\/index.php\/kontakt\/#breadcrumb"},"inLanguage":"de","potentialAction":[{"@type":"ReadAction","target":["https:\/\/www.kopfundkoerper.at\/index.php\/kontakt\/"]}]},{"@type":"ImageObject","inLanguage":"de","@id":"https:\/\/www.kopfundkoerper.at\/index.php\/kontakt\/#primaryimage","url":"https:\/\/www.kopfundkoerper.at\/wp-content\/uploads\/2021\/09\/kontakt-1024x322.jpg","contentUrl":"https:\/\/www.kopfundkoerper.at\/wp-content\/uploads\/2021\/09\/kontakt-1024x322.jpg"},{"@type":"BreadcrumbList","@id":"https:\/\/www.kopfundkoerper.at\/index.php\/kontakt\/#breadcrumb","itemListElement":[{"@type":"ListItem","position":1,"name":"Startseite","item":"https:\/\/www.kopfundkoerper.at\/"},{"@type":"ListItem","position":2,"name":"Kontakt"}]},{"@type":"WebSite","@id":"https:\/\/www.kopfundkoerper.at\/#website","url":"https:\/\/www.kopfundkoerper.at\/","name":"Kopf und K&ouml;rper","description":"Shiatsu, Yoga, Lomi Lomi Nui und mehr....","publisher":{"@id":"https:\/\/www.kopfundkoerper.at\/#organization"},"potentialAction":[{"@type":"SearchAction","target":{"@type":"EntryPoint","urlTemplate":"https:\/\/www.kopfundkoerper.at\/?s={search_term_string}"},"query-input":{"@type":"PropertyValueSpecification","valueRequired":true,"valueName":"search_term_string"}}],"inLanguage":"de"},{"@type":"Organization","@id":"https:\/\/www.kopfundkoerper.at\/#organization","name":"Kopf und K&ouml;rper","url":"https:\/\/www.kopfundkoerper.at\/","logo":{"@type":"ImageObject","inLanguage":"de","@id":"https:\/\/www.kopfundkoerper.at\/#\/schema\/logo\/image\/","url":"https:\/\/www.kopfundkoerper.at\/wp-content\/uploads\/2023\/07\/cropped-cropped-Logo-512_ziegler-1.png","contentUrl":"https:\/\/www.kopfundkoerper.at\/wp-content\/uploads\/2023\/07\/cropped-cropped-Logo-512_ziegler-1.png","width":501,"height":274,"caption":"Kopf und K&ouml;rper"},"image":{"@id":"https:\/\/www.kopfundkoerper.at\/#\/schema\/logo\/image\/"}}]}},"_links":{"self":[{"href":"https:\/\/www.kopfundkoerper.at\/index.php\/wp-json\/wp\/v2\/pages\/7","targetHints":{"allow":["GET"]}}],"collection":[{"href":"https:\/\/www.kopfundkoerper.at\/index.php\/wp-json\/wp\/v2\/pages"}],"about":[{"href":"https:\/\/www.kopfundkoerper.at\/index.php\/wp-json\/wp\/v2\/types\/page"}],"author":[{"embeddable":true,"href":"https:\/\/www.kopfundkoerper.at\/index.php\/wp-json\/wp\/v2\/users\/1"}],"replies":[{"embeddable":true,"href":"https:\/\/www.kopfundkoerper.at\/index.php\/wp-json\/wp\/v2\/comments?post=7"}],"version-history":[{"count":19,"href":"https:\/\/www.kopfundkoerper.at\/index.php\/wp-json\/wp\/v2\/pages\/7\/revisions"}],"predecessor-version":[{"id":1587,"href":"https:\/\/www.kopfundkoerper.at\/index.php\/wp-json\/wp\/v2\/pages\/7\/revisions\/1587"}],"wp:attachment":[{"href":"https:\/\/www.kopfundkoerper.at\/index.php\/wp-json\/wp\/v2\/media?parent=7"}],"curies":[{"name":"wp","href":"https:\/\/api.w.org\/{rel}","templated":true}]}}